{"id":174,"date":"2021-12-16T20:08:15","date_gmt":"2021-12-16T19:08:15","guid":{"rendered":"https:\/\/diemedienfabrik.com\/wordpress\/fomoco\/?page_id=174"},"modified":"2021-12-16T20:08:15","modified_gmt":"2021-12-16T19:08:15","slug":"uebernachten","status":"publish","type":"page","link":"https:\/\/diemedienfabrik.com\/wordpress\/fomoco\/uebernachten\/","title":{"rendered":"\u00dcbernachten"},"content":{"rendered":"\n<p>Ihr m\u00f6chtet vorab anreisen oder Euch am Samstag nicht mehr auf den Weg nach Hause machen? Es bieten sich verschiedene \u00dcbernachtungsm\u00f6glichkeiten in der n\u00e4heren Umgebung.<\/p>\n\n\n\n<p>Die naheliegendste Option ist die Hollager M\u00fchle selbst, denn die Einrichtung verf\u00fcgt \u00fcber eine Jugendherberge. Infos zu den Verf\u00fcgbarkeiten findet ihr auf der Website der <a href=\"https:\/\/www.hollager-muehle.de\">Hollager M\u00fchle<\/a>.<\/p>\n\n\n\n<p>Weitere \u00dcbernachtungsm\u00f6glichkeiten im n\u00e4heren Umkreis finden sich beispielsweise in Rulle, Bramsche oder dem nahe gelegenen Osnabr\u00fcck. Einen \u00dcberblick k\u00f6nnt ihr <a href=\"https:\/\/www.trivago.de\/de\/lm\/hotels-wallenhorst-deutschland?search=200-6293;dr-20211224-20211225;so-6\">hier finden<\/a>.<\/p>\n\n\n\n<p>Wer mit dem Wohnwagen anreisen m\u00f6chte, um das ganze Wochenende in der Region zu verbringen, kann sich beispielsweise am <a href=\"https:\/\/www.alfsee.de\">Alfsee<\/a> oder einem der anderen nahe gelegenen Campingpl\u00e4tze einbuchen.<\/p>\n\n\n\n<figure class=\"wp-block-image size-large\"><img decoding=\"async\" loading=\"lazy\" width=\"1024\" height=\"684\" src=\"https:\/\/diemedienfabrik.com\/wordpress\/fomoco\/wp-content\/uploads\/sites\/3\/2021\/12\/camping-trailer-1024x684.jpg\" alt=\"\" class=\"wp-image-175\" srcset=\"https:\/\/diemedienfabrik.com\/wordpress\/fomoco\/wp-content\/uploads\/sites\/3\/2021\/12\/camping-trailer-1024x684.jpg 1024w, https:\/\/diemedienfabrik.com\/wordpress\/fomoco\/wp-content\/uploads\/sites\/3\/2021\/12\/camping-trailer-300x200.jpg 300w, https:\/\/diemedienfabrik.com\/wordpress\/fomoco\/wp-content\/uploads\/sites\/3\/2021\/12\/camping-trailer-768x513.jpg 768w, https:\/\/diemedienfabrik.com\/wordpress\/fomoco\/wp-content\/uploads\/sites\/3\/2021\/12\/camping-trailer-600x401.jpg 600w, https:\/\/diemedienfabrik.com\/wordpress\/fomoco\/wp-content\/uploads\/sites\/3\/2021\/12\/camping-trailer.jpg 1200w\" sizes=\"(max-width: 1024px) 100vw, 1024px\" \/><figcaption>Photo by\u00a0<a href=\"https:\/\/unsplash.com\/@blakewisz?utm_source=unsplash&amp;utm_medium=referral&amp;utm_content=creditCopyText\">Blake Wisz<\/a>\u00a0on\u00a0<a href=\"https:\/\/unsplash.com\/?utm_source=unsplash&amp;utm_medium=referral&amp;utm_content=creditCopyText\">Unsplash<\/a><\/figcaption><\/figure>\n","protected":false},"excerpt":{"rendered":"<p>Ihr m\u00f6chtet vorab anreisen oder Euch am Samstag nicht mehr auf den Weg nach Hause machen? Es bieten sich verschiedene \u00dcbernachtungsm\u00f6glichkeiten in der n\u00e4heren Umgebung. Die naheliegendste Option ist die Hollager M\u00fchle selbst, denn die Einrichtung verf\u00fcgt \u00fcber eine Jugendherberge. Infos zu den Verf\u00fcgbarkeiten findet ihr auf der Website der Hollager M\u00fchle. Weitere \u00dcbernachtungsm\u00f6glichkeiten im [&hellip;]<\/p>\n","protected":false},"author":1,"featured_media":0,"parent":0,"menu_order":0,"comment_status":"closed","ping_status":"closed","template":"","meta":[],"_links":{"self":[{"href":"https:\/\/diemedienfabrik.com\/wordpress\/fomoco\/wp-json\/wp\/v2\/pages\/174"}],"collection":[{"href":"https:\/\/diemedienfabrik.com\/wordpress\/fomoco\/wp-json\/wp\/v2\/pages"}],"about":[{"href":"https:\/\/diemedienfabrik.com\/wordpress\/fomoco\/wp-json\/wp\/v2\/types\/page"}],"author":[{"embeddable":true,"href":"https:\/\/diemedienfabrik.com\/wordpress\/fomoco\/wp-json\/wp\/v2\/users\/1"}],"replies":[{"embeddable":true,"href":"https:\/\/diemedienfabrik.com\/wordpress\/fomoco\/wp-json\/wp\/v2\/comments?post=174"}],"version-history":[{"count":1,"href":"https:\/\/diemedienfabrik.com\/wordpress\/fomoco\/wp-json\/wp\/v2\/pages\/174\/revisions"}],"predecessor-version":[{"id":176,"href":"https:\/\/diemedienfabrik.com\/wordpress\/fomoco\/wp-json\/wp\/v2\/pages\/174\/revisions\/176"}],"wp:attachment":[{"href":"https:\/\/diemedienfabrik.com\/wordpress\/fomoco\/wp-json\/wp\/v2\/media?parent=174"}],"curies":[{"name":"wp","href":"https:\/\/api.w.org\/{rel}","templated":true}]}}

Übernachten

<p>Ihr möchtet vorab anreisen oder Euch am Samstag nicht mehr auf den Weg nach Hause machen? Es bieten sich verschiedene Übernachtungsmöglichkeiten in der näheren Umgebung.</p>



<p>Die naheliegendste Option ist die Hollager Mühle selbst, denn die Einrichtung verfügt über eine Jugendherberge. Infos zu den Verfügbarkeiten findet ihr auf der Website der <a href="https://www.hollager-muehle.de">Hollager Mühle</a>.</p>



<p>Weitere Übernachtungsmöglichkeiten im näheren Umkreis finden sich beispielsweise in Rulle, Bramsche oder dem nahe gelegenen Osnabrück. Einen Überblick könnt ihr <a href="https://www.trivago.de/de/lm/hotels-wallenhorst-deutschland?search=200-6293;dr-20211224-20211225;so-6">hier finden</a>.</p>



<p>Wer mit dem Wohnwagen anreisen möchte, um das ganze Wochenende in der Region zu verbringen, kann sich beispielsweise am <a href="https://www.alfsee.de">Alfsee</a> oder einem der anderen nahe gelegenen Campingplätze einbuchen.</p>



<figure class="wp-block-image size-large"><img decoding="async" loading="lazy" width="1024" height="684" src="https://diemedienfabrik.com/wordpress/fomoco/wp-content/uploads/sites/3/2021/12/camping-trailer-1024x684.jpg" alt="" class="wp-image-175" srcset="https://diemedienfabrik.com/wordpress/fomoco/wp-content/uploads/sites/3/2021/12/camping-trailer-1024x684.jpg 1024w, https://diemedienfabrik.com/wordpress/fomoco/wp-content/uploads/sites/3/2021/12/camping-trailer-300x200.jpg 300w, https://diemedienfabrik.com/wordpress/fomoco/wp-content/uploads/sites/3/2021/12/camping-trailer-768x513.jpg 768w, https://diemedienfabrik.com/wordpress/fomoco/wp-content/uploads/sites/3/2021/12/camping-trailer-600x401.jpg 600w, https://diemedienfabrik.com/wordpress/fomoco/wp-content/uploads/sites/3/2021/12/camping-trailer.jpg 1200w" sizes="(max-width: 1024px) 100vw, 1024px" /><figcaption>Photo by <a href="https://unsplash.com/@blakewisz?utm_source=unsplash&amp;utm_medium=referral&amp;utm_content=creditCopyText">Blake Wisz</a> on <a href="https://unsplash.com/?utm_source=unsplash&amp;utm_medium=referral&amp;utm_content=creditCopyText">Unsplash</a></figcaption></figure>

<p>Ihr möchtet vorab anreisen oder Euch am Samstag nicht mehr auf den Weg nach Hause machen? Es bieten sich verschiedene Übernachtungsmöglichkeiten in der näheren Umgebung. Die naheliegendste Option ist die Hollager Mühle selbst, denn die Einrichtung verfügt über eine Jugendherberge. Infos zu den Verfügbarkeiten findet ihr auf der Website der Hollager Mühle. Weitere Übernachtungsmöglichkeiten im [&hellip;]</p>
